[INFO] cloning repository https://github.com/ArmsOfSorrow/win32-d3d-template
[INFO] running `Command { std: "git" "-c" "credential.helper=" "-c" "credential.helper=/workspace/cargo-home/bin/git-credential-null" "clone" "--bare" "https://github.com/ArmsOfSorrow/win32-d3d-template" "/workspace/cache/git-repos/https%3A%2F%2Fgithub.com%2FArmsOfSorrow%2Fwin32-d3d-template", kill_on_drop: false }`
[INFO] [stderr] Cloning into bare repository '/workspace/cache/git-repos/https%3A%2F%2Fgithub.com%2FArmsOfSorrow%2Fwin32-d3d-template'...
[INFO] running `Command { std: "git" "rev-parse" "HEAD", kill_on_drop: false }`
[INFO] [stdout] e3d183ebdb58aecb3f1abf538f902f22d46efeaf
[INFO] building ArmsOfSorrow/win32-d3d-template against master#ff34b919075f35a1787659e9c448a34b06bab8de for issue-85264
[INFO] running `Command { std: "git" "clone" "/workspace/cache/git-repos/https%3A%2F%2Fgithub.com%2FArmsOfSorrow%2Fwin32-d3d-template" "/workspace/builds/worker-1/source", kill_on_drop: false }`
[INFO] [stderr] Cloning into '/workspace/builds/worker-1/source'...
[INFO] [stderr] done.
[INFO] validating manifest of git repo https://github.com/ArmsOfSorrow/win32-d3d-template on toolchain ff34b919075f35a1787659e9c448a34b06bab8de
[INFO] running `Command { std: "/workspace/cargo-home/bin/cargo" "+ff34b919075f35a1787659e9c448a34b06bab8de" "metadata" "--manifest-path" "Cargo.toml" "--no-deps", kill_on_drop: false }`
[INFO] started tweaking git repo https://github.com/ArmsOfSorrow/win32-d3d-template
[INFO] finished tweaking git repo https://github.com/ArmsOfSorrow/win32-d3d-template
[INFO] tweaked toml for git repo https://github.com/ArmsOfSorrow/win32-d3d-template written to /workspace/builds/worker-1/source/Cargo.toml
[INFO] crate git repo https://github.com/ArmsOfSorrow/win32-d3d-template already has a lockfile, it will not be regenerated
[INFO] running `Command { std: "/workspace/cargo-home/bin/cargo" "+ff34b919075f35a1787659e9c448a34b06bab8de" "fetch" "--manifest-path" "Cargo.toml", kill_on_drop: false }`
[INFO] [stderr]     Blocking waiting for file lock on package cache
[INFO] running `Command { std: "docker" "create" "-v" "/var/lib/crater-agent-workspace/builds/worker-1/target:/opt/rustwide/target:rw,Z" "-v" "/var/lib/crater-agent-workspace/builds/worker-1/source:/opt/rustwide/workdir:ro,Z" "-v" "/var/lib/crater-agent-workspace/cargo-home:/opt/rustwide/cargo-home:ro,Z" "-v" "/var/lib/crater-agent-workspace/rustup-home:/opt/rustwide/rustup-home:ro,Z" "-e" "SOURCE_DIR=/opt/rustwide/workdir" "-e" "CARGO_TARGET_DIR=/opt/rustwide/target" "-e" "CARGO_HOME=/opt/rustwide/cargo-home" "-e" "RUSTUP_HOME=/opt/rustwide/rustup-home" "-w" "/opt/rustwide/workdir" "-m" "1610612736" "--user" "0:0" "--network" "none" "ghcr.io/rust-lang/crates-build-env/linux@sha256:20528e8c29e4536546f0102ce88568b16ea7538393a33fcca951030f7af10457" "/opt/rustwide/cargo-home/bin/cargo" "+ff34b919075f35a1787659e9c448a34b06bab8de" "metadata" "--no-deps" "--format-version=1", kill_on_drop: false }`
[INFO] [stdout] cde62945ab59e4f15015b69650879ebde8726bd06a285371bdf2f285ba359acc
[INFO] [stderr] WARNING: Your kernel does not support swap limit capabilities or the cgroup is not mounted. Memory limited without swap.
[INFO] running `Command { std: "docker" "start" "-a" "cde62945ab59e4f15015b69650879ebde8726bd06a285371bdf2f285ba359acc", kill_on_drop: false }`
[INFO] running `Command { std: "docker" "inspect" "cde62945ab59e4f15015b69650879ebde8726bd06a285371bdf2f285ba359acc", kill_on_drop: false }`
[INFO] running `Command { std: "docker" "rm" "-f" "cde62945ab59e4f15015b69650879ebde8726bd06a285371bdf2f285ba359acc", kill_on_drop: false }`
[INFO] [stdout] cde62945ab59e4f15015b69650879ebde8726bd06a285371bdf2f285ba359acc
[INFO] running `Command { std: "docker" "create" "-v" "/var/lib/crater-agent-workspace/builds/worker-1/target:/opt/rustwide/target:rw,Z" "-v" "/var/lib/crater-agent-workspace/builds/worker-1/source:/opt/rustwide/workdir:ro,Z" "-v" "/var/lib/crater-agent-workspace/cargo-home:/opt/rustwide/cargo-home:ro,Z" "-v" "/var/lib/crater-agent-workspace/rustup-home:/opt/rustwide/rustup-home:ro,Z" "-e" "SOURCE_DIR=/opt/rustwide/workdir" "-e" "CARGO_TARGET_DIR=/opt/rustwide/target" "-e" "CARGO_INCREMENTAL=0" "-e" "RUST_BACKTRACE=full" "-e" "RUSTFLAGS=--cap-lints=forbid" "-e" "CARGO_HOME=/opt/rustwide/cargo-home" "-e" "RUSTUP_HOME=/opt/rustwide/rustup-home" "-w" "/opt/rustwide/workdir" "-m" "1610612736" "--user" "0:0" "--network" "none" "ghcr.io/rust-lang/crates-build-env/linux@sha256:20528e8c29e4536546f0102ce88568b16ea7538393a33fcca951030f7af10457" "/opt/rustwide/cargo-home/bin/cargo" "+ff34b919075f35a1787659e9c448a34b06bab8de" "build" "--frozen" "--message-format=json", kill_on_drop: false }`
[INFO] [stdout] 3e0cc52683a2c2c9f959801d9a80db271d775f77cf20607cf658666bc768fb0e
[INFO] [stderr] WARNING: Your kernel does not support swap limit capabilities or the cgroup is not mounted. Memory limited without swap.
[INFO] running `Command { std: "docker" "start" "-a" "3e0cc52683a2c2c9f959801d9a80db271d775f77cf20607cf658666bc768fb0e", kill_on_drop: false }`
[INFO] [stderr]    Compiling winapi v0.3.6
[INFO] [stderr]    Compiling wio v0.2.0
[INFO] [stderr]    Compiling win32-d3d-template v0.1.0 (/opt/rustwide/workdir)
[INFO] [stdout] error[E0433]: failed to resolve: could not find `windows` in `os`
[INFO] [stdout]  --> src/main.rs:7:14
[INFO] [stdout]   |
[INFO] [stdout] 7 | use std::os::windows::ffi::OsStrExt;
[INFO] [stdout]   |              ^^^^^^^ could not find `windows` in `os`
[INFO] [stdout] 
[INFO] [stdout] 
[INFO] [stdout] error[E0433]: failed to resolve: could not find `shared` in `winapi`
[INFO] [stdout]  --> src/main.rs:8:13
[INFO] [stdout]   |
[INFO] [stdout] 8 | use winapi::shared::minwindef::{HINSTANCE, LPARAM, LRESULT, WPARAM};
[INFO] [stdout]   |             ^^^^^^ could not find `shared` in `winapi`
[INFO] [stdout] 
[INFO] [stdout] 
[INFO] [stdout] error[E0433]: failed to resolve: could not find `shared` in `winapi`
[INFO] [stdout]  --> src/main.rs:9:13
[INFO] [stdout]   |
[INFO] [stdout] 9 | use winapi::shared::ntdef::HRESULT;
[INFO] [stdout]   |             ^^^^^^ could not find `shared` in `winapi`
[INFO] [stdout] 
[INFO] [stdout] 
[INFO] [stdout] error[E0433]: failed to resolve: could not find `shared` in `winapi`
[INFO] [stdout]   --> src/main.rs:10:13
[INFO] [stdout]    |
[INFO] [stdout] 10 | use winapi::shared::windef::{HBRUSH, HMENU, HWND};
[INFO] [stdout]    |             ^^^^^^ could not find `shared` in `winapi`
[INFO] [stdout] 
[INFO] [stdout] 
[INFO] [stdout] error[E0433]: failed to resolve: could not find `um` in `winapi`
[INFO] [stdout]   --> src/main.rs:11:13
[INFO] [stdout]    |
[INFO] [stdout] 11 | use winapi::um::combaseapi::{CoInitializeEx, CoUninitialize, COINITBASE_MULTITHREADED};
[INFO] [stdout]    |             ^^ could not find `um` in `winapi`
[INFO] [stdout] 
[INFO] [stdout] 
[INFO] [stdout] error[E0433]: failed to resolve: could not find `um` in `winapi`
[INFO] [stdout]   --> src/main.rs:12:13
[INFO] [stdout]    |
[INFO] [stdout] 12 | use winapi::um::libloaderapi::GetModuleHandleW;
[INFO] [stdout]    |             ^^ could not find `um` in `winapi`
[INFO] [stdout] 
[INFO] [stdout] 
[INFO] [stdout] error[E0433]: failed to resolve: could not find `um` in `winapi`
[INFO] [stdout]   --> src/main.rs:13:13
[INFO] [stdout]    |
[INFO] [stdout] 13 | use winapi::um::winuser::{
[INFO] [stdout]    |             ^^ could not find `um` in `winapi`
[INFO] [stdout] 
[INFO] [stdout] 
[INFO] [stdout] error[E0433]: failed to resolve: could not find `shared` in `winapi`
[INFO] [stdout]  --> src/game.rs:2:13
[INFO] [stdout]   |
[INFO] [stdout] 2 | use winapi::shared::dxgi::{IDXGIAdapter, IDXGIDevice1};
[INFO] [stdout]   |             ^^^^^^ could not find `shared` in `winapi`
[INFO] [stdout] 
[INFO] [stdout] 
[INFO] [stdout] error[E0433]: failed to resolve: could not find `shared` in `winapi`
[INFO] [stdout]  --> src/game.rs:3:13
[INFO] [stdout]   |
[INFO] [stdout] 3 | use winapi::shared::dxgi1_2::{
[INFO] [stdout]   |             ^^^^^^ could not find `shared` in `winapi`
[INFO] [stdout] 
[INFO] [stdout] 
[INFO] [stdout] error[E0433]: failed to resolve: could not find `shared` in `winapi`
[INFO] [stdout]  --> src/game.rs:6:13
[INFO] [stdout]   |
[INFO] [stdout] 6 | use winapi::shared::dxgiformat::{DXGI_FORMAT_B8G8R8A8_UNORM, DXGI_FORMAT_D24_UNORM_S8_UINT};
[INFO] [stdout]   |             ^^^^^^ could not find `shared` in `winapi`
[INFO] [stdout] 
[INFO] [stdout] 
[INFO] [stdout] error[E0433]: failed to resolve: could not find `shared` in `winapi`
[INFO] [stdout]  --> src/game.rs:7:13
[INFO] [stdout]   |
[INFO] [stdout] 7 | use winapi::shared::dxgitype::DXGI_USAGE_RENDER_TARGET_OUTPUT;
[INFO] [stdout]   |             ^^^^^^ could not find `shared` in `winapi`
[INFO] [stdout] 
[INFO] [stdout] 
[INFO] [stdout] error[E0433]: failed to resolve: could not find `shared` in `winapi`
[INFO] [stdout]  --> src/game.rs:8:13
[INFO] [stdout]   |
[INFO] [stdout] 8 | use winapi::shared::minwindef::{TRUE, UINT};
[INFO] [stdout]   |             ^^^^^^ could not find `shared` in `winapi`
[INFO] [stdout] 
[INFO] [stdout] 
[INFO] [stdout] error[E0433]: failed to resolve: could not find `shared` in `winapi`
[INFO] [stdout]  --> src/game.rs:9:13
[INFO] [stdout]   |
[INFO] [stdout] 9 | use winapi::shared::windef::HWND;
[INFO] [stdout]   |             ^^^^^^ could not find `shared` in `winapi`
[INFO] [stdout] 
[INFO] [stdout] 
[INFO] [stdout] error[E0433]: failed to resolve: could not find `shared` in `winapi`
[INFO] [stdout]   --> src/game.rs:10:13
[INFO] [stdout]    |
[INFO] [stdout] 10 | use winapi::shared::winerror::{DXGI_ERROR_DEVICE_REMOVED, DXGI_ERROR_DEVICE_RESET};
[INFO] [stdout]    |             ^^^^^^ could not find `shared` in `winapi`
[INFO] [stdout] 
[INFO] [stdout] 
[INFO] [stdout] error[E0433]: failed to resolve: could not find `um` in `winapi`
[INFO] [stdout]   --> src/game.rs:11:13
[INFO] [stdout]    |
[INFO] [stdout] 11 | use winapi::um::d3d11::{
[INFO] [stdout]    |             ^^ could not find `um` in `winapi`
[INFO] [stdout] 
[INFO] [stdout] 
[INFO] [stdout] error[E0433]: failed to resolve: could not find `um` in `winapi`
[INFO] [stdout]   --> src/game.rs:16:13
[INFO] [stdout]    |
[INFO] [stdout] 16 | use winapi::um::d3d11_1::{ID3D11Device1, ID3D11DeviceContext1};
[INFO] [stdout]    |             ^^ could not find `um` in `winapi`
[INFO] [stdout] 
[INFO] [stdout] 
[INFO] [stdout] error[E0433]: failed to resolve: could not find `um` in `winapi`
[INFO] [stdout]   --> src/game.rs:17:13
[INFO] [stdout]    |
[INFO] [stdout] 17 | use winapi::um::d3dcommon::{
[INFO] [stdout]    |             ^^ could not find `um` in `winapi`
[INFO] [stdout] 
[INFO] [stdout] 
[INFO] [stdout] error[E0433]: failed to resolve: could not find `um` in `winapi`
[INFO] [stdout]   --> src/game.rs:22:13
[INFO] [stdout]    |
[INFO] [stdout] 22 | use winapi::um::unknwnbase::IUnknown;
[INFO] [stdout]    |             ^^ could not find `um` in `winapi`
[INFO] [stdout] 
[INFO] [stdout] 
[INFO] [stdout] error[E0432]: unresolved import `winapi::Interface`
[INFO] [stdout]   --> src/game.rs:23:5
[INFO] [stdout]    |
[INFO] [stdout] 23 | use winapi::Interface;
[INFO] [stdout]    |     ^^^^^^^^^^^^^^^^^ no `Interface` in the root
[INFO] [stdout] 
[INFO] [stdout] 
[INFO] [stdout] error[E0433]: failed to resolve: could not find `um` in `winapi`
[INFO] [stdout]  --> src/step_timer.rs:1:13
[INFO] [stdout]   |
[INFO] [stdout] 1 | use winapi::um::profileapi::{QueryPerformanceCounter, QueryPerformanceFrequency};
[INFO] [stdout]   |             ^^ could not find `um` in `winapi`
[INFO] [stdout] 
[INFO] [stdout] 
[INFO] [stdout] error[E0433]: failed to resolve: could not find `um` in `winapi`
[INFO] [stdout]  --> src/step_timer.rs:2:13
[INFO] [stdout]   |
[INFO] [stdout] 2 | use winapi::um::winnt::LARGE_INTEGER;
[INFO] [stdout]   |             ^^ could not find `um` in `winapi`
[INFO] [stdout] 
[INFO] [stdout] 
[INFO] [stdout] error[E0432]: unresolved import `wio::com`
[INFO] [stdout]   --> src/game.rs:24:10
[INFO] [stdout]    |
[INFO] [stdout] 24 | use wio::com::ComPtr;
[INFO] [stdout]    |          ^^^ could not find `com` in `wio`
[INFO] [stdout] 
[INFO] [stdout] 
[INFO] [stdout] error[E0433]: failed to resolve: use of undeclared type `IDXGIFactory2`
[INFO] [stdout]    --> src/game.rs:292:18
[INFO] [stdout]     |
[INFO] [stdout] 292 |                 &IDXGIFactory2::uuidof(),
[INFO] [stdout]     |                  ^^^^^^^^^^^^^ use of undeclared type `IDXGIFactory2`
[INFO] [stdout] 
[INFO] [stdout] 
[INFO] [stdout] error[E0433]: failed to resolve: could not find `ctypes` in `winapi`
[INFO] [stdout]    --> src/game.rs:293:75
[INFO] [stdout]     |
[INFO] [stdout] 293 |                 &mut dxgi_factory_ptr as *mut *mut _ as *mut *mut winapi::ctypes::c_void,
[INFO] [stdout]     |                                                                           ^^^^^^ could not find `ctypes` in `winapi`
[INFO] [stdout] 
[INFO] [stdout] 
[INFO] [stdout] error[E0412]: cannot find type `HWND` in this scope
[INFO] [stdout]   --> src/game.rs:29:13
[INFO] [stdout]    |
[INFO] [stdout] 29 |     window: HWND,
[INFO] [stdout]    |             ^^^^ not found in this scope
[INFO] [stdout] 
[INFO] [stdout] 
[INFO] [stdout] error[E0412]: cannot find type `D3D_FEATURE_LEVEL` in this scope
[INFO] [stdout]   --> src/game.rs:32:20
[INFO] [stdout]    |
[INFO] [stdout] 32 |     feature_level: D3D_FEATURE_LEVEL,
[INFO] [stdout]    |                    ^^^^^^^^^^^^^^^^^ not found in this scope
[INFO] [stdout] 
[INFO] [stdout] 
[INFO] [stdout] error[E0412]: cannot find type `ID3D11Device1` in this scope
[INFO] [stdout]   --> src/game.rs:33:31
[INFO] [stdout]    |
[INFO] [stdout] 28 | pub struct Game {
[INFO] [stdout]    |                - help: you might be missing a type parameter: `<ID3D11Device1>`
[INFO] [stdout] ...
[INFO] [stdout] 33 |     d3d_device: Option<ComPtr<ID3D11Device1>>,
[INFO] [stdout]    |                               ^^^^^^^^^^^^^ not found in this scope
[INFO] [stdout] 
[INFO] [stdout] 
[INFO] [stdout] error[E0412]: cannot find type `ID3D11DeviceContext1` in this scope
[INFO] [stdout]   --> src/game.rs:34:32
[INFO] [stdout]    |
[INFO] [stdout] 28 | pub struct Game {
[INFO] [stdout]    |                - help: you might be missing a type parameter: `<ID3D11DeviceContext1>`
[INFO] [stdout] ...
[INFO] [stdout] 34 |     d3d_context: Option<ComPtr<ID3D11DeviceContext1>>,
[INFO] [stdout]    |                                ^^^^^^^^^^^^^^^^^^^^ not found in this scope
[INFO] [stdout] 
[INFO] [stdout] 
[INFO] [stdout] error[E0412]: cannot find type `IDXGISwapChain1` in this scope
[INFO] [stdout]   --> src/game.rs:35:31
[INFO] [stdout]    |
[INFO] [stdout] 28 | pub struct Game {
[INFO] [stdout]    |                - help: you might be missing a type parameter: `<IDXGISwapChain1>`
[INFO] [stdout] ...
[INFO] [stdout] 35 |     swap_chain: Option<ComPtr<IDXGISwapChain1>>,
[INFO] [stdout]    |                               ^^^^^^^^^^^^^^^ not found in this scope
[INFO] [stdout] 
[INFO] [stdout] 
[INFO] [stdout] error[E0412]: cannot find type `ID3D11RenderTargetView` in this scope
[INFO] [stdout]   --> src/game.rs:36:39
[INFO] [stdout]    |
[INFO] [stdout] 28 | pub struct Game {
[INFO] [stdout]    |                - help: you might be missing a type parameter: `<ID3D11RenderTargetView>`
[INFO] [stdout] ...
[INFO] [stdout] 36 |     render_target_view: Option<ComPtr<ID3D11RenderTargetView>>,
[INFO] [stdout]    |                                       ^^^^^^^^^^^^^^^^^^^^^^ not found in this scope
[INFO] [stdout] 
[INFO] [stdout] 
[INFO] [stdout] error[E0412]: cannot find type `ID3D11DepthStencilView` in this scope
[INFO] [stdout]   --> src/game.rs:37:39
[INFO] [stdout]    |
[INFO] [stdout] 28 | pub struct Game {
[INFO] [stdout]    |                - help: you might be missing a type parameter: `<ID3D11DepthStencilView>`
[INFO] [stdout] ...
[INFO] [stdout] 37 |     depth_stencil_view: Option<ComPtr<ID3D11DepthStencilView>>,
[INFO] [stdout]    |                                       ^^^^^^^^^^^^^^^^^^^^^^ not found in this scope
[INFO] [stdout] 
[INFO] [stdout] 
[INFO] [stdout] error[E0425]: cannot find value `D3D_FEATURE_LEVEL_9_1` in this scope
[INFO] [stdout]   --> src/game.rs:48:32
[INFO] [stdout]    |
[INFO] [stdout] 48 |                 feature_level: D3D_FEATURE_LEVEL_9_1,
[INFO] [stdout]    |                                ^^^^^^^^^^^^^^^^^^^^^ not found in this scope
[INFO] [stdout] 
[INFO] [stdout] 
[INFO] [stdout] error[E0412]: cannot find type `HWND` in this scope
[INFO] [stdout]   --> src/game.rs:58:49
[INFO] [stdout]    |
[INFO] [stdout] 58 |     pub unsafe fn initialize(&mut self, window: HWND, width: i32, height: i32) {
[INFO] [stdout]    |                                                 ^^^^ not found in this scope
[INFO] [stdout] 
[INFO] [stdout] 
[INFO] [stdout] error[E0425]: cannot find value `D3D11_CLEAR_DEPTH` in this scope
[INFO] [stdout]    --> src/game.rs:112:21
[INFO] [stdout]     |
[INFO] [stdout] 112 |                     D3D11_CLEAR_DEPTH | D3D11_CLEAR_STENCIL,
[INFO] [stdout]     |                     ^^^^^^^^^^^^^^^^^ not found in this scope
[INFO] [stdout] 
[INFO] [stdout] 
[INFO] [stdout] error[E0425]: cannot find value `D3D11_CLEAR_STENCIL` in this scope
[INFO] [stdout]    --> src/game.rs:112:41
[INFO] [stdout]     |
[INFO] [stdout] 112 |                     D3D11_CLEAR_DEPTH | D3D11_CLEAR_STENCIL,
[INFO] [stdout]     |                                         ^^^^^^^^^^^^^^^^^^^ not found in this scope
[INFO] [stdout] 
[INFO] [stdout] 
[INFO] [stdout] error[E0422]: cannot find struct, variant or union type `D3D11_VIEWPORT` in this scope
[INFO] [stdout]    --> src/game.rs:118:32
[INFO] [stdout]     |
[INFO] [stdout] 118 |                 let viewport = D3D11_VIEWPORT {
[INFO] [stdout]     |                                ^^^^^^^^^^^^^^ not found in this scope
[INFO] [stdout] 
[INFO] [stdout] 
[INFO] [stdout] error[E0425]: cannot find value `D3D11_MIN_DEPTH` in this scope
[INFO] [stdout]    --> src/game.rs:123:31
[INFO] [stdout]     |
[INFO] [stdout] 123 |                     MinDepth: D3D11_MIN_DEPTH,
[INFO] [stdout]     |                               ^^^^^^^^^^^^^^^ not found in this scope
[INFO] [stdout] 
[INFO] [stdout] 
[INFO] [stdout] error[E0425]: cannot find value `D3D11_MAX_DEPTH` in this scope
[INFO] [stdout]    --> src/game.rs:124:31
[INFO] [stdout]     |
[INFO] [stdout] 124 |                     MaxDepth: D3D11_MAX_DEPTH,
[INFO] [stdout]     |                               ^^^^^^^^^^^^^^^ not found in this scope
[INFO] [stdout] 
[INFO] [stdout] 
[INFO] [stdout] error[E0425]: cannot find value `DXGI_ERROR_DEVICE_REMOVED` in this scope
[INFO] [stdout]    --> src/game.rs:140:22
[INFO] [stdout]     |
[INFO] [stdout] 140 |             if hr == DXGI_ERROR_DEVICE_REMOVED || hr == DXGI_ERROR_DEVICE_RESET {
[INFO] [stdout]     |                      ^^^^^^^^^^^^^^^^^^^^^^^^^ not found in this scope
[INFO] [stdout] 
[INFO] [stdout] 
[INFO] [stdout] error[E0425]: cannot find value `DXGI_ERROR_DEVICE_RESET` in this scope
[INFO] [stdout]    --> src/game.rs:140:57
[INFO] [stdout]     |
[INFO] [stdout] 140 |             if hr == DXGI_ERROR_DEVICE_REMOVED || hr == DXGI_ERROR_DEVICE_RESET {
[INFO] [stdout]     |                                                         ^^^^^^^^^^^^^^^^^^^^^^^ not found in this scope
[INFO] [stdout] 
[INFO] [stdout] 
[INFO] [stdout] error[E0412]: cannot find type `UINT` in this scope
[INFO] [stdout]    --> src/game.rs:184:33
[INFO] [stdout]     |
[INFO] [stdout] 184 |         let mut creation_flags: UINT = 0;
[INFO] [stdout]     |                                 ^^^^ not found in this scope
[INFO] [stdout] 
[INFO] [stdout] 
[INFO] [stdout] error[E0425]: cannot find value `D3D11_CREATE_DEVICE_DEBUG` in this scope
[INFO] [stdout]    --> src/game.rs:188:31
[INFO] [stdout]     |
[INFO] [stdout] 188 |             creation_flags |= D3D11_CREATE_DEVICE_DEBUG;
[INFO] [stdout]     |                               ^^^^^^^^^^^^^^^^^^^^^^^^^ not found in this scope
[INFO] [stdout] 
[INFO] [stdout] 
[INFO] [stdout] error[E0425]: cannot find value `D3D_FEATURE_LEVEL_11_1` in this scope
[INFO] [stdout]    --> src/game.rs:193:13
[INFO] [stdout]     |
[INFO] [stdout] 193 |             D3D_FEATURE_LEVEL_11_1,
[INFO] [stdout]     |             ^^^^^^^^^^^^^^^^^^^^^^ not found in this scope
[INFO] [stdout] 
[INFO] [stdout] 
[INFO] [stdout] error[E0425]: cannot find value `D3D_FEATURE_LEVEL_11_0` in this scope
[INFO] [stdout]    --> src/game.rs:194:13
[INFO] [stdout]     |
[INFO] [stdout] 194 |             D3D_FEATURE_LEVEL_11_0,
[INFO] [stdout]     |             ^^^^^^^^^^^^^^^^^^^^^^ not found in this scope
[INFO] [stdout] 
[INFO] [stdout] 
[INFO] [stdout] error[E0425]: cannot find value `D3D_FEATURE_LEVEL_10_1` in this scope
[INFO] [stdout]    --> src/game.rs:195:13
[INFO] [stdout]     |
[INFO] [stdout] 195 |             D3D_FEATURE_LEVEL_10_1,
[INFO] [stdout]     |             ^^^^^^^^^^^^^^^^^^^^^^ not found in this scope
[INFO] [stdout] 
[INFO] [stdout] 
[INFO] [stdout] error[E0425]: cannot find value `D3D_FEATURE_LEVEL_10_0` in this scope
[INFO] [stdout]    --> src/game.rs:196:13
[INFO] [stdout]     |
[INFO] [stdout] 196 |             D3D_FEATURE_LEVEL_10_0,
[INFO] [stdout]     |             ^^^^^^^^^^^^^^^^^^^^^^ not found in this scope
[INFO] [stdout] 
[INFO] [stdout] 
[INFO] [stdout] error[E0425]: cannot find value `D3D_FEATURE_LEVEL_9_3` in this scope
[INFO] [stdout]    --> src/game.rs:197:13
[INFO] [stdout]     |
[INFO] [stdout] 197 |             D3D_FEATURE_LEVEL_9_3,
[INFO] [stdout]     |             ^^^^^^^^^^^^^^^^^^^^^ not found in this scope
[INFO] [stdout] 
[INFO] [stdout] 
[INFO] [stdout] error[E0425]: cannot find value `D3D_FEATURE_LEVEL_9_2` in this scope
[INFO] [stdout]    --> src/game.rs:198:13
[INFO] [stdout]     |
[INFO] [stdout] 198 |             D3D_FEATURE_LEVEL_9_2,
[INFO] [stdout]     |             ^^^^^^^^^^^^^^^^^^^^^ not found in this scope
[INFO] [stdout] 
[INFO] [stdout] 
[INFO] [stdout] error[E0425]: cannot find value `D3D_FEATURE_LEVEL_9_1` in this scope
[INFO] [stdout]    --> src/game.rs:199:13
[INFO] [stdout]     |
[INFO] [stdout] 199 |             D3D_FEATURE_LEVEL_9_1,
[INFO] [stdout]     |             ^^^^^^^^^^^^^^^^^^^^^ not found in this scope
[INFO] [stdout] 
[INFO] [stdout] 
[INFO] [stdout] error[E0412]: cannot find type `ID3D11Device` in this scope
[INFO] [stdout]    --> src/game.rs:202:34
[INFO] [stdout]     |
[INFO] [stdout] 202 |         let mut device_ptr: *mut ID3D11Device = std::ptr::null_mut();
[INFO] [stdout]     |                                  ^^^^^^^^^^^^ not found in this scope
[INFO] [stdout] 
[INFO] [stdout] 
[INFO] [stdout] error[E0412]: cannot find type `ID3D11DeviceContext` in this scope
[INFO] [stdout]    --> src/game.rs:203:35
[INFO] [stdout]     |
[INFO] [stdout] 203 |         let mut context_ptr: *mut ID3D11DeviceContext = std::ptr::null_mut();
[INFO] [stdout]     |                                   ^^^^^^^^^^^^^^^^^^^ not found in this scope
[INFO] [stdout] 
[INFO] [stdout] 
[INFO] [stdout] error[E0425]: cannot find function, tuple struct or tuple variant `D3D11CreateDevice` in this scope
[INFO] [stdout]    --> src/game.rs:204:18
[INFO] [stdout]     |
[INFO] [stdout] 204 |         let hr = D3D11CreateDevice(
[INFO] [stdout]     |                  ^^^^^^^^^^^^^^^^^ not found in this scope
[INFO] [stdout] 
[INFO] [stdout] 
[INFO] [stdout] error[E0425]: cannot find value `D3D_DRIVER_TYPE_HARDWARE` in this scope
[INFO] [stdout]    --> src/game.rs:206:13
[INFO] [stdout]     |
[INFO] [stdout] 206 |             D3D_DRIVER_TYPE_HARDWARE,
[INFO] [stdout]     |             ^^^^^^^^^^^^^^^^^^^^^^^^ not found in this scope
[INFO] [stdout] 
[INFO] [stdout] 
[INFO] [stdout] error[E0425]: cannot find value `D3D11_SDK_VERSION` in this scope
[INFO] [stdout]    --> src/game.rs:211:13
[INFO] [stdout]     |
[INFO] [stdout] 211 |             D3D11_SDK_VERSION,
[INFO] [stdout]     |             ^^^^^^^^^^^^^^^^^ not found in this scope
[INFO] [stdout] 
[INFO] [stdout] 
[INFO] [stdout] error[E0412]: cannot find type `ID3D11Device1` in this scope
[INFO] [stdout]    --> src/game.rs:223:21
[INFO] [stdout]     |
[INFO] [stdout] 41  | impl Game {
[INFO] [stdout]     |     - help: you might be missing a type parameter: `<ID3D11Device1>`
[INFO] [stdout] ...
[INFO] [stdout] 223 |             .cast::<ID3D11Device1>()
[INFO] [stdout]     |                     ^^^^^^^^^^^^^ not found in this scope
[INFO] [stdout] 
[INFO] [stdout] 
[INFO] [stdout] error[E0412]: cannot find type `ID3D11DeviceContext1` in this scope
[INFO] [stdout]    --> src/game.rs:227:21
[INFO] [stdout]     |
[INFO] [stdout] 41  | impl Game {
[INFO] [stdout]     |     - help: you might be missing a type parameter: `<ID3D11DeviceContext1>`
[INFO] [stdout] ...
[INFO] [stdout] 227 |             .cast::<ID3D11DeviceContext1>()
[INFO] [stdout]     |                     ^^^^^^^^^^^^^^^^^^^^ not found in this scope
[INFO] [stdout] 
[INFO] [stdout] 
[INFO] [stdout] error[E0412]: cannot find type `ID3D11RenderTargetView` in this scope
[INFO] [stdout]    --> src/game.rs:236:31
[INFO] [stdout]     |
[INFO] [stdout] 236 |         let null_views: [*mut ID3D11RenderTargetView; 1] = [std::ptr::null_mut()];
[INFO] [stdout]     |                               ^^^^^^^^^^^^^^^^^^^^^^ not found in this scope
[INFO] [stdout] 
[INFO] [stdout] 
[INFO] [stdout] error[E0425]: cannot find value `DXGI_FORMAT_B8G8R8A8_UNORM` in this scope
[INFO] [stdout]    --> src/game.rs:248:34
[INFO] [stdout]     |
[INFO] [stdout] 248 |         let back_buffer_format = DXGI_FORMAT_B8G8R8A8_UNORM;
[INFO] [stdout]     |                                  ^^^^^^^^^^^^^^^^^^^^^^^^^^ not found in this scope
[INFO] [stdout] 
[INFO] [stdout] 
[INFO] [stdout] error[E0425]: cannot find value `DXGI_FORMAT_D24_UNORM_S8_UINT` in this scope
[INFO] [stdout]    --> src/game.rs:249:35
[INFO] [stdout]     |
[INFO] [stdout] 249 |         let depth_buffer_format = DXGI_FORMAT_D24_UNORM_S8_UINT;
[INFO] [stdout]     |                                   ^^^^^^^^^^^^^^^^^^^^^^^^^^^^^ not found in this scope
[INFO] [stdout] 
[INFO] [stdout] 
[INFO] [stdout] error[E0425]: cannot find value `DXGI_ERROR_DEVICE_REMOVED` in this scope
[INFO] [stdout]    --> src/game.rs:262:22
[INFO] [stdout]     |
[INFO] [stdout] 262 |             if hr == DXGI_ERROR_DEVICE_REMOVED || hr == DXGI_ERROR_DEVICE_RESET {
[INFO] [stdout]     |                      ^^^^^^^^^^^^^^^^^^^^^^^^^ not found in this scope
[INFO] [stdout] 
[INFO] [stdout] 
[INFO] [stdout] error[E0425]: cannot find value `DXGI_ERROR_DEVICE_RESET` in this scope
[INFO] [stdout]    --> src/game.rs:262:57
[INFO] [stdout]     |
[INFO] [stdout] 262 |             if hr == DXGI_ERROR_DEVICE_REMOVED || hr == DXGI_ERROR_DEVICE_RESET {
[INFO] [stdout]     |                                                         ^^^^^^^^^^^^^^^^^^^^^^^ not found in this scope
[INFO] [stdout] 
[INFO] [stdout] 
[INFO] [stdout] error[E0412]: cannot find type `IDXGIDevice1` in this scope
[INFO] [stdout]    --> src/game.rs:278:25
[INFO] [stdout]     |
[INFO] [stdout] 41  | impl Game {
[INFO] [stdout]     |     - help: you might be missing a type parameter: `<IDXGIDevice1>`
[INFO] [stdout] ...
[INFO] [stdout] 278 |                 .cast::<IDXGIDevice1>()
[INFO] [stdout]     |                         ^^^^^^^^^^^^ not found in this scope
[INFO] [stdout] 
[INFO] [stdout] 
[INFO] [stdout] error[E0412]: cannot find type `IDXGIFactory2` in this scope
[INFO] [stdout]    --> src/game.rs:289:44
[INFO] [stdout]     |
[INFO] [stdout] 289 |             let mut dxgi_factory_ptr: *mut IDXGIFactory2 = std::ptr::null_mut();
[INFO] [stdout]     |                                            ^^^^^^^^^^^^^ not found in this scope
[INFO] [stdout] 
[INFO] [stdout] 
[INFO] [stdout] error[E0412]: cannot find type `DXGI_SWAP_CHAIN_DESC1` in this scope
[INFO] [stdout]    --> src/game.rs:300:38
[INFO] [stdout]     |
[INFO] [stdout] 300 |             let mut swap_chain_desc: DXGI_SWAP_CHAIN_DESC1 = std::mem::zeroed();
[INFO] [stdout]     |                                      ^^^^^^^^^^^^^^^^^^^^^ not found in this scope
[INFO] [stdout] 
[INFO] [stdout] 
[INFO] [stdout] error[E0425]: cannot find value `DXGI_USAGE_RENDER_TARGET_OUTPUT` in this scope
[INFO] [stdout]    --> src/game.rs:306:43
[INFO] [stdout]     |
[INFO] [stdout] 306 |             swap_chain_desc.BufferUsage = DXGI_USAGE_RENDER_TARGET_OUTPUT;
[INFO] [stdout]     |                                           ^^^^^^^^^^^^^^^^^^^^^^^^^^^^^^^ not found in this scope
[INFO] [stdout] 
[INFO] [stdout] 
[INFO] [stdout] error[E0412]: cannot find type `DXGI_SWAP_CHAIN_FULLSCREEN_DESC` in this scope
[INFO] [stdout]    --> src/game.rs:309:49
[INFO] [stdout]     |
[INFO] [stdout] 309 |             let mut fullscreen_swap_chain_desc: DXGI_SWAP_CHAIN_FULLSCREEN_DESC =
[INFO] [stdout]     |                                                 ^^^^^^^^^^^^^^^^^^^^^^^^^^^^^^^ not found in this scope
[INFO] [stdout] 
[INFO] [stdout] 
[INFO] [stdout] error[E0425]: cannot find value `TRUE` in this scope
[INFO] [stdout]    --> src/game.rs:311:51
[INFO] [stdout]     |
[INFO] [stdout] 311 |             fullscreen_swap_chain_desc.Windowed = TRUE;
[INFO] [stdout]     |                                                   ^^^^ not found in this scope
[INFO] [stdout] 
[INFO] [stdout] 
[INFO] [stdout] error[E0412]: cannot find type `IDXGISwapChain1` in this scope
[INFO] [stdout]    --> src/game.rs:313:42
[INFO] [stdout]     |
[INFO] [stdout] 313 |             let mut swap_chain_ptr: *mut IDXGISwapChain1 = std::ptr::null_mut();
[INFO] [stdout]     |                                          ^^^^^^^^^^^^^^^ not found in this scope
[INFO] [stdout] 
[INFO] [stdout] 
[INFO] [stdout] error[E0412]: cannot find type `IUnknown` in this scope
[INFO] [stdout]    --> src/game.rs:315:68
[INFO] [stdout]     |
[INFO] [stdout] 315 |                 self.d3d_device.as_ref().unwrap().as_raw() as *mut IUnknown, //this looks kinda ugly too.
[INFO] [stdout]     |                                                                    ^^^^^^^^ not found in this scope
[INFO] [stdout] 
[INFO] [stdout] 
[INFO] [stdout] error[E0412]: cannot find type `LARGE_INTEGER` in this scope
[INFO] [stdout]  --> src/step_timer.rs:9:20
[INFO] [stdout]   |
[INFO] [stdout] 9 |     qpc_frequency: LARGE_INTEGER,
[INFO] [stdout]   |                    ^^^^^^^^^^^^^ not found in this scope
[INFO] [stdout] 
[INFO] [stdout] 
[INFO] [stdout] error[E0412]: cannot find type `LARGE_INTEGER` in this scope
[INFO] [stdout]   --> src/step_timer.rs:10:20
[INFO] [stdout]    |
[INFO] [stdout] 10 |     qpc_last_time: LARGE_INTEGER,
[INFO] [stdout]    |                    ^^^^^^^^^^^^^ not found in this scope
[INFO] [stdout] 
[INFO] [stdout] 
[INFO] [stdout] error[E0412]: cannot find type `LARGE_INTEGER` in this scope
[INFO] [stdout]   --> src/step_timer.rs:26:27
[INFO] [stdout]    |
[INFO] [stdout] 26 |             let mut freq: LARGE_INTEGER = std::mem::zeroed();
[INFO] [stdout]    |                           ^^^^^^^^^^^^^ not found in this scope
[INFO] [stdout] 
[INFO] [stdout] 
[INFO] [stdout] error[E0425]: cannot find function, tuple struct or tuple variant `QueryPerformanceFrequency` in this scope
[INFO] [stdout]   --> src/step_timer.rs:27:16
[INFO] [stdout]    |
[INFO] [stdout] 27 |             if QueryPerformanceFrequency(&mut freq) == 0 {
[INFO] [stdout]    |                ^^^^^^^^^^^^^^^^^^^^^^^^^ not found in this scope
[INFO] [stdout] 
[INFO] [stdout] 
[INFO] [stdout] error[E0412]: cannot find type `LARGE_INTEGER` in this scope
[INFO] [stdout]   --> src/step_timer.rs:31:32
[INFO] [stdout]    |
[INFO] [stdout] 31 |             let mut last_time: LARGE_INTEGER = std::mem::zeroed();
[INFO] [stdout]    |                                ^^^^^^^^^^^^^ not found in this scope
[INFO] [stdout] 
[INFO] [stdout] 
[INFO] [stdout] error[E0425]: cannot find function, tuple struct or tuple variant `QueryPerformanceCounter` in this scope
[INFO] [stdout]   --> src/step_timer.rs:32:16
[INFO] [stdout]    |
[INFO] [stdout] 32 |             if QueryPerformanceCounter(&mut last_time) == 0 {
[INFO] [stdout]    |                ^^^^^^^^^^^^^^^^^^^^^^^ not found in this scope
[INFO] [stdout] 
[INFO] [stdout] 
[INFO] [stdout] error[E0412]: cannot find type `LARGE_INTEGER` in this scope
[INFO] [stdout]   --> src/step_timer.rs:60:35
[INFO] [stdout]    |
[INFO] [stdout] 60 |             let mut current_time: LARGE_INTEGER = std::mem::zeroed();
[INFO] [stdout]    |                                   ^^^^^^^^^^^^^ not found in this scope
[INFO] [stdout] 
[INFO] [stdout] 
[INFO] [stdout] error[E0425]: cannot find function, tuple struct or tuple variant `QueryPerformanceCounter` in this scope
[INFO] [stdout]   --> src/step_timer.rs:62:16
[INFO] [stdout]    |
[INFO] [stdout] 62 |             if QueryPerformanceCounter(&mut current_time) == 0 {
[INFO] [stdout]    |                ^^^^^^^^^^^^^^^^^^^^^^^ not found in this scope
[INFO] [stdout] 
[INFO] [stdout] 
[INFO] [stdout] error[E0425]: cannot find function, tuple struct or tuple variant `QueryPerformanceCounter` in this scope
[INFO] [stdout]    --> src/step_timer.rs:129:16
[INFO] [stdout]     |
[INFO] [stdout] 129 |             if QueryPerformanceCounter(&mut self.qpc_last_time) == 0 {
[INFO] [stdout]     |                ^^^^^^^^^^^^^^^^^^^^^^^ not found in this scope
[INFO] [stdout] 
[INFO] [stdout] 
[INFO] [stdout] error[E0425]: cannot find function, tuple struct or tuple variant `CoInitializeEx` in this scope
[INFO] [stdout]   --> src/main.rs:30:18
[INFO] [stdout]    |
[INFO] [stdout] 30 |         let hr = CoInitializeEx(std::ptr::null_mut(), COINITBASE_MULTITHREADED);
[INFO] [stdout]    |                  ^^^^^^^^^^^^^^ not found in this scope
[INFO] [stdout] 
[INFO] [stdout] 
[INFO] [stdout] error[E0425]: cannot find value `COINITBASE_MULTITHREADED` in this scope
[INFO] [stdout]   --> src/main.rs:30:55
[INFO] [stdout]    |
[INFO] [stdout] 30 |         let hr = CoInitializeEx(std::ptr::null_mut(), COINITBASE_MULTITHREADED);
[INFO] [stdout]    |                                                       ^^^^^^^^^^^^^^^^^^^^^^^^ not found in this scope
[INFO] [stdout] 
[INFO] [stdout] 
[INFO] [stdout] error[E0425]: cannot find function, tuple struct or tuple variant `GetModuleHandleW` in this scope
[INFO] [stdout]   --> src/main.rs:38:25
[INFO] [stdout]    |
[INFO] [stdout] 38 |         let hinstance = GetModuleHandleW(std::ptr::null_mut());
[INFO] [stdout]    |                         ^^^^^^^^^^^^^^^^ not found in this scope
[INFO] [stdout] 
[INFO] [stdout] 
[INFO] [stdout] error[E0422]: cannot find struct, variant or union type `WNDCLASSEXW` in this scope
[INFO] [stdout]   --> src/main.rs:51:25
[INFO] [stdout]    |
[INFO] [stdout] 51 |         let wnd_class = WNDCLASSEXW {
[INFO] [stdout]    |                         ^^^^^^^^^^^ not found in this scope
[INFO] [stdout] 
[INFO] [stdout] 
[INFO] [stdout] error[E0412]: cannot find type `WNDCLASSEXW` in this scope
[INFO] [stdout]   --> src/main.rs:52:41
[INFO] [stdout]    |
[INFO] [stdout] 52 |             cbSize: std::mem::size_of::<WNDCLASSEXW>() as u32,
[INFO] [stdout]    |                                         ^^^^^^^^^^^ not found in this scope
[INFO] [stdout] 
[INFO] [stdout] 
[INFO] [stdout] error[E0425]: cannot find value `CS_HREDRAW` in this scope
[INFO] [stdout]   --> src/main.rs:53:20
[INFO] [stdout]    |
[INFO] [stdout] 53 |             style: CS_HREDRAW | CS_VREDRAW,
[INFO] [stdout]    |                    ^^^^^^^^^^ not found in this scope
[INFO] [stdout] 
[INFO] [stdout] 
[INFO] [stdout] error[E0425]: cannot find value `CS_VREDRAW` in this scope
[INFO] [stdout]   --> src/main.rs:53:33
[INFO] [stdout]    |
[INFO] [stdout] 53 |             style: CS_HREDRAW | CS_VREDRAW,
[INFO] [stdout]    |                                 ^^^^^^^^^^ not found in this scope
[INFO] [stdout] 
[INFO] [stdout] 
[INFO] [stdout] error[E0425]: cannot find function, tuple struct or tuple variant `LoadIconW` in this scope
[INFO] [stdout]   --> src/main.rs:58:20
[INFO] [stdout]    |
[INFO] [stdout] 58 |             hIcon: LoadIconW(hinstance, idi_icon.as_ptr()),
[INFO] [stdout]    |                    ^^^^^^^^^ not found in this scope
[INFO] [stdout] 
[INFO] [stdout] 
[INFO] [stdout] error[E0425]: cannot find function, tuple struct or tuple variant `LoadCursorW` in this scope
[INFO] [stdout]   --> src/main.rs:59:22
[INFO] [stdout]    |
[INFO] [stdout] 59 |             hCursor: LoadCursorW(std::ptr::null_mut(), IDC_ARROW),
[INFO] [stdout]    |                      ^^^^^^^^^^^ not found in this scope
[INFO] [stdout] 
[INFO] [stdout] 
[INFO] [stdout] error[E0425]: cannot find value `IDC_ARROW` in this scope
[INFO] [stdout]   --> src/main.rs:59:56
[INFO] [stdout]    |
[INFO] [stdout] 59 |             hCursor: LoadCursorW(std::ptr::null_mut(), IDC_ARROW),
[INFO] [stdout]    |                                                        ^^^^^^^^^ not found in this scope
[INFO] [stdout] 
[INFO] [stdout] 
[INFO] [stdout] error[E0425]: cannot find value `COLOR_WINDOW` in this scope
[INFO] [stdout]   --> src/main.rs:60:29
[INFO] [stdout]    |
[INFO] [stdout] 60 |             hbrBackground: (COLOR_WINDOW + 1) as HBRUSH,
[INFO] [stdout]    |                             ^^^^^^^^^^^^ not found in this scope
[INFO] [stdout] 
[INFO] [stdout] 
[INFO] [stdout] error[E0412]: cannot find type `HBRUSH` in this scope
[INFO] [stdout]   --> src/main.rs:60:50
[INFO] [stdout]    |
[INFO] [stdout] 60 |             hbrBackground: (COLOR_WINDOW + 1) as HBRUSH,
[INFO] [stdout]    |                                                  ^^^^^^ not found in this scope
[INFO] [stdout] 
[INFO] [stdout] 
[INFO] [stdout] error[E0425]: cannot find function, tuple struct or tuple variant `LoadIconW` in this scope
[INFO] [stdout]   --> src/main.rs:63:22
[INFO] [stdout]    |
[INFO] [stdout] 63 |             hIconSm: LoadIconW(hinstance, idi_icon.as_ptr()),
[INFO] [stdout]    |                      ^^^^^^^^^ not found in this scope
[INFO] [stdout] 
[INFO] [stdout] 
[INFO] [stdout] error[E0425]: cannot find function, tuple struct or tuple variant `RegisterClassExW` in this scope
[INFO] [stdout]   --> src/main.rs:66:26
[INFO] [stdout]    |
[INFO] [stdout] 66 |         let registered = RegisterClassExW(&wnd_class as *const WNDCLASSEXW) != 0;
[INFO] [stdout]    |                          ^^^^^^^^^^^^^^^^ not found in this scope
[INFO] [stdout] 
[INFO] [stdout] 
[INFO] [stdout] error[E0412]: cannot find type `WNDCLASSEXW` in this scope
[INFO] [stdout]   --> src/main.rs:66:64
[INFO] [stdout]    |
[INFO] [stdout] 66 |         let registered = RegisterClassExW(&wnd_class as *const WNDCLASSEXW) != 0;
[INFO] [stdout]    |                                                                ^^^^^^^^^^^ not found in this scope
[INFO] [stdout] 
[INFO] [stdout] 
[INFO] [stdout] error[E0425]: cannot find function, tuple struct or tuple variant `CreateWindowExW` in this scope
[INFO] [stdout]   --> src/main.rs:76:24
[INFO] [stdout]    |
[INFO] [stdout] 76 |             let hwnd = CreateWindowExW(
[INFO] [stdout]    |                        ^^^^^^^^^^^^^^^ not found in this scope
[INFO] [stdout] 
[INFO] [stdout] 
[INFO] [stdout] error[E0425]: cannot find value `WS_OVERLAPPEDWINDOW` in this scope
[INFO] [stdout]   --> src/main.rs:80:17
[INFO] [stdout]    |
[INFO] [stdout] 80 |                 WS_OVERLAPPEDWINDOW,
[INFO] [stdout]    |                 ^^^^^^^^^^^^^^^^^^^ not found in this scope
[INFO] [stdout] 
[INFO] [stdout] 
[INFO] [stdout] error[E0425]: cannot find value `CW_USEDEFAULT` in this scope
[INFO] [stdout]   --> src/main.rs:81:17
[INFO] [stdout]    |
[INFO] [stdout] 81 |                 CW_USEDEFAULT,
[INFO] [stdout]    |                 ^^^^^^^^^^^^^ not found in this scope
[INFO] [stdout] 
[INFO] [stdout] 
[INFO] [stdout] error[E0425]: cannot find value `CW_USEDEFAULT` in this scope
[INFO] [stdout]   --> src/main.rs:82:17
[INFO] [stdout]    |
[INFO] [stdout] 82 |                 CW_USEDEFAULT,
[INFO] [stdout]    |                 ^^^^^^^^^^^^^ not found in this scope
[INFO] [stdout] 
[INFO] [stdout] 
[INFO] [stdout] error[E0412]: cannot find type `HWND` in this scope
[INFO] [stdout]   --> src/main.rs:85:22
[INFO] [stdout]    |
[INFO] [stdout] 85 |                 0 as HWND,
[INFO] [stdout]    |                      ^^^^ not found in this scope
[INFO] [stdout] 
[INFO] [stdout] 
[INFO] [stdout] error[E0412]: cannot find type `HMENU` in this scope
[INFO] [stdout]   --> src/main.rs:86:22
[INFO] [stdout]    |
[INFO] [stdout] 86 |                 0 as HMENU,
[INFO] [stdout]    |                      ^^^^^ not found in this scope
[INFO] [stdout] 
[INFO] [stdout] 
[INFO] [stdout] error[E0412]: cannot find type `HINSTANCE` in this scope
[INFO] [stdout]   --> src/main.rs:87:22
[INFO] [stdout]    |
[INFO] [stdout] 87 |                 0 as HINSTANCE,
[INFO] [stdout]    |                      ^^^^^^^^^ not found in this scope
[INFO] [stdout] 
[INFO] [stdout] 
[INFO] [stdout] error[E0425]: cannot find function, tuple struct or tuple variant `ShowWindow` in this scope
[INFO] [stdout]   --> src/main.rs:92:17
[INFO] [stdout]    |
[INFO] [stdout] 92 |                 ShowWindow(hwnd, SW_SHOW);
[INFO] [stdout]    |                 ^^^^^^^^^^ not found in this scope
[INFO] [stdout] 
[INFO] [stdout] 
[INFO] [stdout] error[E0425]: cannot find value `SW_SHOW` in this scope
[INFO] [stdout]   --> src/main.rs:92:34
[INFO] [stdout]    |
[INFO] [stdout] 92 |                 ShowWindow(hwnd, SW_SHOW);
[INFO] [stdout]    |                                  ^^^^^^^ not found in this scope
[INFO] [stdout] 
[INFO] [stdout] 
[INFO] [stdout] error[E0412]: cannot find type `MSG` in this scope
[INFO] [stdout]   --> src/main.rs:96:30
[INFO] [stdout]    |
[INFO] [stdout] 96 |                 let mut msg: MSG = std::mem::zeroed();
[INFO] [stdout]    |                              ^^^ not found in this scope
[INFO] [stdout] 
[INFO] [stdout] 
[INFO] [stdout] error[E0425]: cannot find value `WM_QUIT` in this scope
[INFO] [stdout]   --> src/main.rs:97:23
[INFO] [stdout]    |
[INFO] [stdout] 97 |                 while WM_QUIT != msg.message {
[INFO] [stdout]    |                       ^^^^^^^ not found in this scope
[INFO] [stdout] 
[INFO] [stdout] 
[INFO] [stdout] error[E0425]: cannot find function, tuple struct or tuple variant `PeekMessageW` in this scope
[INFO] [stdout]   --> src/main.rs:98:24
[INFO] [stdout]    |
[INFO] [stdout] 98 |                     if PeekMessageW(&mut msg, std::ptr::null_mut(), 0, 0, PM_REMOVE) != 0 {
[INFO] [stdout]    |                        ^^^^^^^^^^^^ not found in this scope
[INFO] [stdout] 
[INFO] [stdout] 
[INFO] [stdout] error[E0425]: cannot find value `PM_REMOVE` in this scope
[INFO] [stdout]   --> src/main.rs:98:75
[INFO] [stdout]    |
[INFO] [stdout] 98 |                     if PeekMessageW(&mut msg, std::ptr::null_mut(), 0, 0, PM_REMOVE) != 0 {
[INFO] [stdout]    |                                                                           ^^^^^^^^^ not found in this scope
[INFO] [stdout] 
[INFO] [stdout] 
[INFO] [stdout] error[E0425]: cannot find function, tuple struct or tuple variant `TranslateMessage` in this scope
[INFO] [stdout]   --> src/main.rs:99:25
[INFO] [stdout]    |
[INFO] [stdout] 99 |                         TranslateMessage(&msg);
[INFO] [stdout]    |                         ^^^^^^^^^^^^^^^^ not found in this scope
[INFO] [stdout] 
[INFO] [stdout] 
[INFO] [stdout] error[E0425]: cannot find function, tuple struct or tuple variant `DispatchMessageW` in this scope
[INFO] [stdout]    --> src/main.rs:100:25
[INFO] [stdout]     |
[INFO] [stdout] 100 |                         DispatchMessageW(&msg);
[INFO] [stdout]     |                         ^^^^^^^^^^^^^^^^ not found in this scope
[INFO] [stdout] 
[INFO] [stdout] 
[INFO] [stdout] error[E0425]: cannot find function, tuple struct or tuple variant `CoUninitialize` in this scope
[INFO] [stdout]    --> src/main.rs:106:17
[INFO] [stdout]     |
[INFO] [stdout] 106 |                 CoUninitialize();
[INFO] [stdout]     |                 ^^^^^^^^^^^^^^ not found in this scope
[INFO] [stdout] 
[INFO] [stdout] 
[INFO] [stdout] error[E0412]: cannot find type `HWND` in this scope
[INFO] [stdout]    --> src/main.rs:116:11
[INFO] [stdout]     |
[INFO] [stdout] 116 |     hwnd: HWND,
[INFO] [stdout]     |           ^^^^ not found in this scope
[INFO] [stdout] 
[INFO] [stdout] 
[INFO] [stdout] error[E0412]: cannot find type `WPARAM` in this scope
[INFO] [stdout]    --> src/main.rs:118:14
[INFO] [stdout]     |
[INFO] [stdout] 118 |     w_param: WPARAM,
[INFO] [stdout]     |              ^^^^^^ not found in this scope
[INFO] [stdout] 
[INFO] [stdout] 
[INFO] [stdout] error[E0412]: cannot find type `LPARAM` in this scope
[INFO] [stdout]    --> src/main.rs:119:14
[INFO] [stdout]     |
[INFO] [stdout] 119 |     l_param: LPARAM,
[INFO] [stdout]     |              ^^^^^^ not found in this scope
[INFO] [stdout] 
[INFO] [stdout] 
[INFO] [stdout] error[E0412]: cannot find type `LRESULT` in this scope
[INFO] [stdout]    --> src/main.rs:120:6
[INFO] [stdout]     |
[INFO] [stdout] 120 | ) -> LRESULT {
[INFO] [stdout]     |      ^^^^^^^ not found in this scope
[INFO] [stdout] 
[INFO] [stdout] 
[INFO] [stdout] error[E0425]: cannot find function, tuple struct or tuple variant `PostQuitMessage` in this scope
[INFO] [stdout]    --> src/main.rs:130:13
[INFO] [stdout]     |
[INFO] [stdout] 130 |             PostQuitMessage(0);
[INFO] [stdout]     |             ^^^^^^^^^^^^^^^ not found in this scope
[INFO] [stdout] 
[INFO] [stdout] 
[INFO] [stdout] error[E0425]: cannot find function, tuple struct or tuple variant `DefWindowProcW` in this scope
[INFO] [stdout]    --> src/main.rs:137:5
[INFO] [stdout]     |
[INFO] [stdout] 137 |     DefWindowProcW(hwnd, message, w_param, l_param)
[INFO] [stdout]     |     ^^^^^^^^^^^^^^ not found in this scope
[INFO] [stdout] 
[INFO] [stdout] 
[INFO] [stdout] error[E0412]: cannot find type `HRESULT` in this scope
[INFO] [stdout]    --> src/main.rs:140:15
[INFO] [stdout]     |
[INFO] [stdout] 140 | fn failed(hr: HRESULT) -> bool {
[INFO] [stdout]     |               ^^^^^^^ not found in this scope
[INFO] [stdout] 
[INFO] [stdout] 
[INFO] [stdout] error[E0599]: no method named `encode_wide` found for reference `&OsStr` in the current scope
[INFO] [stdout]   --> src/main.rs:41:14
[INFO] [stdout]    |
[INFO] [stdout] 41 |             .encode_wide()
[INFO] [stdout]    |              ^^^^^^^^^^^ method not found in `&OsStr`
[INFO] [stdout] 
[INFO] [stdout] 
[INFO] [stdout] error[E0599]: no method named `encode_wide` found for reference `&OsStr` in the current scope
[INFO] [stdout]   --> src/main.rs:46:14
[INFO] [stdout]    |
[INFO] [stdout] 46 |             .encode_wide()
[INFO] [stdout]    |              ^^^^^^^^^^^ method not found in `&OsStr`
[INFO] [stdout] 
[INFO] [stdout] 
[INFO] [stdout] error[E0599]: no method named `encode_wide` found for reference `&OsStr` in the current scope
[INFO] [stdout]   --> src/main.rs:75:59
[INFO] [stdout]    |
[INFO] [stdout] 75 |             let wnd_name: Vec<u16> = OsStr::new("window").encode_wide().chain(once(0)).collect();
[INFO] [stdout]    |                                                           ^^^^^^^^^^^ method not found in `&OsStr`
[INFO] [stdout] 
[INFO] [stdout] 
[INFO] [stdout] error: aborting due to 119 previous errors
[INFO] [stdout] 
[INFO] [stdout] 
[INFO] [stdout] Some errors have detailed explanations: E0412, E0422, E0425, E0432, E0433, E0599.
[INFO] [stdout] 
[INFO] [stdout] For more information about an error, try `rustc --explain E0412`.
[INFO] [stdout] 
[INFO] [stderr] error: could not compile `win32-d3d-template`
[INFO] [stderr] 
[INFO] [stderr] To learn more, run the command again with --verbose.
[INFO] running `Command { std: "docker" "inspect" "3e0cc52683a2c2c9f959801d9a80db271d775f77cf20607cf658666bc768fb0e", kill_on_drop: false }`
[INFO] running `Command { std: "docker" "rm" "-f" "3e0cc52683a2c2c9f959801d9a80db271d775f77cf20607cf658666bc768fb0e", kill_on_drop: false }`
[INFO] [stdout] 3e0cc52683a2c2c9f959801d9a80db271d775f77cf20607cf658666bc768fb0e
